*c**2 - c + 4. Let q(g) = g**3 - g**2 - g + 1. Let o(h) = -4*q(h) - r(h). List the prime factors of o(6).
2, 11
Let y = 13 - 13. Suppose -z + 37 + 1 = y. What are the prime factors of z?
2, 19
Let p = 10 + 72. Let h = p + -56. Suppose 5*t - 3*t = h. What are the prime factors of t?
13
Let b(l) = -l - 4. Let y be b(-4). Suppose y = -0*q - 2*q + 24. What are the prime factors of q?
2, 3
Let k(g) = g - 2. Let r be k(5). Suppose -4*o = -2*i + 2, -o + 0*o - 5 = -5*i. Let f = i + r. List the prime factors of f.
2
Suppose -3*a + p + 24 = -7, -4*a + 35 = 5*p. Let i be ((-8)/a)/(1/(-5)). Suppose 16 = 6*t - i*t. What are the prime factors of t?
2
Suppose h = -w + 46, -w + 2*w = 5*h - 248. List the prime factors of h.
7
Let k = 4 - 8. List the prime factors of 9/(-6) + (-30)/k.
2, 3
Let m = -6 + 4. Let k be (1*m - -6)/1. Suppose -2*f - 26 = -0*a - 2*a, k*a = 3*f + 50. What are the prime factors of a?
11
Let y(x) = x**3 + 7*x**2 - 9*x + 5. Let g be y(-8). What are the prime factors of g - (2 + 0 + -1)?
2, 3
Suppose q - 2*a - 14 = 0, -q + a + 3 + 7 = 0. Suppose -q*n + 4*n + 54 = 0. Suppose -3*c + n = 4*o, 2*o = 5*o - 9. List the prime factors of c.
5
Suppose 57 = 3*v - 2*c, 0 = 2*v + c - 16 - 29. What are the prime factors of v?
3, 7
Let r be -17 - (-1 + 1/(-1)). Let j = 5 + r. What are the prime factors of (-18)/(-15)*j/(-2)?
2, 3
Suppose 4*f - 2*t + 4*t = -8, -t - 4 = -2*f. Suppose 4*o - 38 = -5*d, 2*d + d + 6 = f. What are the prime factors of o?
2, 3
Let r = -15 - -6. Let x be (-6)/r + (-10)/6. Let l = 4 + x. What are the prime factors of l?
3
Let b = 60 - 35. Suppose y + 25 = 5*h, -5*h + 5 = -2*y - b. List the prime factors of h.
2
Suppose -46 = -4*x + 62. What are the prime factors of x?
3
Suppose 0 = 5*g + l - 23, -g + 5*l = l - 13. Suppose g*h = 15, -35 = -2*p - 3*p - 5*h. List the prime factors of p - (3 + (-4)/2).
3
Suppose 0 = -a + 64 + 1. List the prime factors of a.
5, 13
Let r(p) = -p**3 + 14*p**2 - 2*p - 16. What are the prime factors of r(7)?
313
List the prime factors of (-4)/6*(-120)/5.
2
Suppose 5*d + l = -3*l + 103, 77 = 4*d + 5*l. Suppose -s - d = -3*q, 2*s - 2 = 3*s. Suppose 0 = -4*w - q + 39. List the prime factors of w.
2
Let t(l) = -7*l**3 + l**2. Let o be t(1). List the prime factors of (o/1)/2 + 39.
2, 3
Let y = 0 + 10. Let z = y + -1. What are the prime factors of z/4*16/6?
2, 3
Let o = -262 - -390. What are the prime factors of o?
2
Suppose -5 = -p - 0*p. Suppose -4*n + 4*k + 14 = 2, -20 = -2*n - p*k. Suppose 3*q - n*q + 16 = 0. List the prime factors of q.
2
Suppose -5*f - 3 - 12 = v, 3*v + 4*f = -1. Let j(g) = -g**2 + 12*g - 7. Let c be j(11). Suppose -v*b = -7*b + c. What are the prime factors of b?
2
Let t(p) be the first derivative of -p**4/4 + p**3 - 2*p + 4. Let b be t(2). Suppose 3*z + 17 = b*d - 23, 4*z = d - 25. List the prime factors of d.
17
Let g(j) = -10*j + 66. List the prime factors of g(-8).
2, 73
Let a = -3 - 3. List the prime factors of (-760)/(-35) - a/21.
2, 11
Suppose 4*k + 9 + 7 = 0. What are the prime factors of 20/6*(-12)/k?
2, 5
Let b(a) = -a**2 + 6*a - 3. Let v be b(2). Suppose -v*k + 15 = -2*k. What are the prime factors of k?
5
Suppose -5*d - 160 = 4*u, 3*d - u = -2*u - 89. Let j = 50 + d. What are the prime factors of j?
2, 11
Suppose -5 + 61 = 2*g. List the prime factors of 354/14 + (-8)/g.
5
Let q = 74 + 120. What are the prime factors of q?
2, 97
Let u(m) = m**2 + 3*m - 7. Let w be u(-5). Suppose -7*a + 28 = -w*a. List the prime factors of a.
7
Let j(s) = 6*s - 4. Let p be 5/(-2)*8/(-5). Let m be j(p). Suppose -3*b + m = 2*b. What are the prime factors of b?
2
Let g(t) = -4*t + 7. What are the prime factors of g(-7)?
5, 7
What are the prime factors of (111/6)/((-2)/(-4))?
37
Let q = 22 - -16. List the prime factors of q.
2, 19
Let i(s) = -s**3 + 4*s**2 + 4*s - 1. Let c be i(5). Let y = -1 + 2. List the prime factors of y/(0 + (-3)/c).
2
Let q(v) be the first derivative of -11*v**5/120 + v**4/24 + v**3 - 2. Let b(i) be the third derivative of q(i). List the prime factors of b(-1).
2, 3
Let v(r) = 5*r + 2. Let c be ((-16)/12)/((-2)/(-9)). Let x(l) = l**2 + 7*l + 8. Let h be x(c). What are the prime factors of v(h)?
2, 3
Let b(z) = 6*z - 22. Let i(t) = 2*t - 7. Let u(c) = -5*b(c) + 16*i(c). Let p be u(3). Suppose 12 = p*q - q. List the prime factors of q.
2
Suppose 1 + 5 = 2*a. Let f(d) = -3*d + d - a*d. What are the prime factors of f(-1)?
5
Let i(x) be the third derivative of 0*x + 3/8*x**4 + 1/60*x**5 + 0 + x**2 + 5/3*x**3. List the prime factors of i(-8).
2
Suppose 0 = 2*o - 0 - 6. Let q(v) = v**2 + 6*v + 1. Let u be q(-6). Suppose -s - 2*f - u = -o, 5*s = 4*f + 66. What are the prime factors of s?
2, 5
Suppose 0*j - 4 = -j. Suppose 3*u = 29 + j. List the prime factors of u.
11
Let q(j) be the third derivative of -j**6/360 + 3*j**5/40 - 5*j**4/24 + j**3/6 + j**2. Let t(o) be the first derivative of q(o). List the prime factors of t(8).
3
Let h(l) = l**2 - 6*l + 7. Let f be h(5). Suppose b - 10 + 0 = f*i, -i = 3. Suppose -u - 13 = -3*p, -b*u = -0*u + 2*p - 18. List the prime factors of u.
2
Let g(b) = -b**3 + 8*b**2 + 12*b + 6. Let s be g(9). Let o = s + -21. What are the prime factors of o?
2, 3
Suppose 0 = 2*m - 4*v - 10, 3*m + m - 20 = 5*v. Suppose 5*l + 0*l - m = 0. Let s = 1 + l. List the prime factors of s.
2
Suppose 4*r = -4 + 20. What are the prime factors of ((-1760)/48)/(r/(-6))?
5, 11
Suppose -m - 15 = -4*m. Suppose 4*q - m*q = -13. List the prime factors of q.
13
Let v(s) = 9*s - 13. Let r(b) = 4*b - 6. Suppose 5*y - 25 = 5*j, -4*j = 3*y + 3 - 4. Let m(w) = y*v(w) - 7*r(w). List the prime factors of m(0).
3
Suppose 0 = -z - 5*a + 79, 6*z - 3*z - 2*a - 288 = 0. Suppose 3*v = f + 3*f + z, 91 = 3*v - f. What are the prime factors of v?
2, 3, 5
Let p(h) = 9*h**2 + 2. What are the prime factors of p(3)?
83
Let c(y) = y + 1. Let o be c(-5). Let b = 33 - 31. List the prime factors of (-12)/(1*(b + o)).
2, 3
Let y = -6 - -12. Suppose -y = 4*h + 2*i - 20, i = 2*h + 3. What are the prime factors of 1 - (h + -3 - -1)?
2
Let f = 95 + -12. List the prime factors of f.
83
Let a = -7 + 10. Suppose 0 = a*y - u + 40, -93 = 4*y - 5*u - 25. Let s = -7 - y. What are the prime factors of s?
5
Suppose -155 = -22*m + 17*m. List the prime factors of m.
31
Suppose 5*j - 4*j = 0. Suppose j = -0*g - g. Let o = 6 - g. What are the prime factors of o?
2, 3
Let d(s) be the third derivative of -s**6/120 - s**5/60 - s**4/24 + 7*s**3/3 - 2*s**2. Suppose -p = p. What are the prime factors of d(p)?
2, 7
Let u be (4/5)/((-6)/(-150)). Let r(j) = -j**2 + 6*j - 1. Let d be r(5). Suppose -d*i + u = -2*i. What are the prime factors of i?
2, 5
Suppose -5*g - 2*n = -23 - 372, 375 = 5*g - 2*n. Let c = g - 45. List the prime factors of c.
2
Let k = 92 + -65. What are the prime factors of k?
3
Let a(z) = z**2 - 8*z - 6. Let q be a(9). Suppose -q*l + 29 = 2. What are the prime factors of l?
3
Let i be (-8)/(-6)*(-39)/(-2). Let p = -12 + i. What are the prime factors of p?
2, 7
Let r be -8 + 0/(0 - 1). Let l = 8 + r. Suppose l*n + 6 = n. List the prime factors of n.
2, 3
Let m(n) = n + 4. Suppose 2*i + 6 = 2*f - 2, f + 2*i - 19 = 0. Suppose 4*y + f = 3*r, 4*y - 3*r + 6 = -r. What are the prime factors of m(y)?
2
Suppose 4*m - 2*o = 66, -2*m = -3*o + 7*o - 8. Let w = 5 + m. List the prime factors of w.
19
Let g(o) be the first derivative of o**2/2 + 16*o + 3. List the prime factors of g(-12).
2
Suppose 0 = 2*f + w + 48 - 124, w = 0. List the prime factors of f.
2, 19
Suppose -107 = 5*o - 2*i, -4*o - 72 = -9*i + 4*i. Let l be -12*((-2)/3 - 2). Let q = l + o. What are the prime factors of q?
3
Let r = 83 + -27. What are the prime factors of r?
2, 7
Suppose 4*j - 3*j - 6 = -3*r, 0 = 3*j. Suppose 5*u + 2*k - 31 = 0, -11 = -2*u + u + r*k. List the prime factors of u.
7
Let j(i) = -i**2 - 3*i. Let f be j(-2). Suppose 0*q = f*q - 50. What are the prime factors of q?
5
Suppose -2*x + i = -4*i - 56, 28 = x + 3*i. List the prime factors of x.
2, 7
List the prime factors of 4 + 332/4 + 4.
7, 13
Let w = 3 + 0. List the prime factors of (-224)/(-6) + 2/w.
2, 19
Let d be -5 - (-2 - -2)/(-3). What are the prime factors of d*1*(3 + -4)?
5
Let c = 9 - 6. Suppose 0 = 5*n + c*o - 36, 13 + 3 = n + 5*o. Suppose -4*z + n*z - 16 = 0. List the prime 